-10001111000010011010111100 + 1100?
-10001111000010011010110000
In base 3, what is 10 - 20211201202012?
-20211201202002
In base 14, what is -30b863a - -14?
-30b8626
In base 10, what is 759900 - -1364?
761264
In base 14, what is -cc6 + 576a?
4884
In base 12, what is -1b + -91169?
-91188
In base 14, what is -859 - -d571?
cb16
In base 8, what is -35 - -250277?
250242
In base 14, what is -3 + 151b42b?
151b428
In base 5, what is -30034 + 1034?
-24000
In base 14, what is 2c68c9 + -81?
2c6848
In base 8, what is -231365 - -1566?
-227577
In base 9, what is -121 - 1540764?
-1540885
In base 16, what is -14a - 191c1?
-1930b
In base 12, what is 2 - a4b019?
-a4b017
In base 4, what is 2131 + -201021300?
-201013103
In base 8, what is 4 - -4314406?
4314412
In base 12, what is -24202 + 107?
-240b7
In base 14, what is -187d1 + -a8a?
-1947b
In base 10, what is 16018 + 1757?
17775
In base 4, what is -12201 - 2233300?
-2312101
In base 4, what is 11222210 - 30101?
11132103
In base 2, what is 1100000101000101110111 - 10011?
1100000101000101100100
In base 8, what is 45227340 - 21?
45227317
In base 11, what is -2394367a + -3?
-23943682
In base 11, what is -1463 + 1337?
-127
In base 3, what is 122011201121112211 + -12?
122011201121112122
In base 16, what is 34 - 2a995c?
-2a9928
In base 3, what is 11010221212022 - 212?
11010221211110
In base 3, what is 1 + -101201201212102?
-101201201212101
In base 16, what is 319ad + 2bc?
31c69
In base 5, what is 1 - 31110140031?
-31110140030
In base 2, what is -1000110101001111000100010 - -100?
-1000110101001111000011110
In base 14, what is -2bad4 - -392?
-2b742
In base 4, what is 10 + 1002312032320?
1002312032330
In base 8, what is -14241 - 204?
-14445
In base 4, what is 1031203232 + 13032?
1031222330
In base 10, what is -123003 + 20?
-122983
In base 2, what is -1000101001001001000101 + 111?
-1000101001001000111110
In base 5, what is 11230412 + -310?
11230102
In base 15, what is -12e - -12a111?
129ed2
In base 9, what is 8 - -71101346?
71101355
In base 2, what is -10010111 - -110001110110000000?
110001110011101001
In base 8, what is -3 + -20623163?
-20623166
In base 2, what is -10 + 1001100100101010100110101?
1001100100101010100110011
In base 12, what is -1383118 + -4?
-1383120
In base 6, what is -102230555404 - -1?
-102230555403
In base 14, what is -1849569 - -33?
-1849536
In base 9, what is 743062 - -35?
743107
In base 10, what is -2 - -1273422?
1273420
In base 3, what is -221 + 1012202222110?
1012202221112
In base 11, what is 36a89 + -393?
366a6
In base 7, what is 160 - 66343025?
-66342535
In base 6, what is 13225114 - 12035?
13213035
In base 10, what is 1 - -1806265?
1806266
In base 2, what is -1100000000000111111101100 - -10?
-1100000000000111111101010
In base 15, what is -ad - 2b8c2?
-2b980
In base 10, what is 5220 + -23840?
-18620
In base 11, what is -5 + 534a21?
534a17
In base 11, what is -19 - 2404624?
-2404642
In base 16, what is -1f19 - -37?
-1ee2
In base 7, what is 131204 - -234?
131441
In base 5, what is -4 + 3242032014?
3242032010
In base 11, what is 1192 - 5167?
-3a85
In base 2, what is 100100111111010111100011 - -1?
100100111111010111100100
In base 4, what is 32102 - -112112310?
112211012
In base 5, what is -434301122 - -11?
-434301111
In base 5, what is 33104231003 + -104?
33104230344
In base 16, what is a615f + 6c?
a61cb
In base 8, what is 275 + -2730030?
-2727533
In base 3, what is -201211 - -1022100002?
1021121021
In base 15, what is -1e3340 - 8e?
-1e33ce
In base 5, what is -43011233443 - 0?
-43011233443
In base 10, what is -14324729 - -37?
-14324692
In base 10, what is 500806 + 11?
500817
In base 3, what is -1 + 1201100100202000?
1201100100201222
In base 6, what is -30 + 250503503?
250503433
In base 12, what is -12 + -3382177?
-3382189
In base 5, what is 1221003 + -102234?
1113214
In base 13, what is b64a0 - -100?
b65a0
In base 15, what is -5 - 1901a6?
-1901ab
In base 3, what is 1 - -102000210111100?
102000210111101
In base 3, what is -22 - -11121112210011211?
11121112210011112
In base 10, what is 3241437 + 5?
3241442
In base 16, what is 4 + -117f4a?
-117f46
In base 14, what is 2 + -65a3435?
-65a3433
In base 13, what is 24b7ac31 + 6?
24b7ac37
In base 6, what is 12 + -1033040531?
-1033040515
In base 3, what is -11 + 11121201111?
11121201100
In base 7, what is 6 + -204143654?
-204143645
In base 3, what is -12 + 1021200101221?
1021200101202
In base 2, what is -111111101 + -1000111101011000?
-1001000101010101
In base 9, what is -183773 + 126?
-183646
In base 6, what is 4411244025 + -5?
4411244020
In base 9, what is -171731406 - -4?
-171731402
In base 5, what is -24200011124 + -41?
-24200011220
In base 14, what is -180a + 3519?
1b0d
In base 4, what is 11 + -3102312331?
-3102312320
In base 9, what is 13 + -13221712?
-13221688
In base 9, what is 40725151 - -3?
40725154
In base 16, what is -28 + 119a2?
1197a
In base 8, what is 15410510 - 10?
15410500
In base 9, what is 2 + -8676433?
-8676431
In base 8, what is 10403563 + 14?
10403577
In base 5, what is -10303100142 + -13?
-10303100210
In base 4, what is 11 - -101301010310?
101301010321
In base 7, what is -504620 - 55?
-505005
In base 12, what is -78b25 + -55?
-78b7a
In base 7, what is -5350160130 + 3?
-5350160124
In base 14, what is -c5b - 14b5?
-2332
In base 15, what is d5 + 853b?
8621
In base 2, what is -100 - 1100001010101101100010100?
-1100001010101101100011000
In base 4, what is -22032302103 + -11?
-22032302120
In base 6, what is -1100524152 + -1?
-1100524153
In base 8, what is 3 - -35172270?
35172273
In base 15, what is 1022 + -679c3?
-669a1
In base 3, what is -102210 + -1001121102200?
-1001121212110
In base 7, what is 565 + -235435?
-234540
In base 7, what is 41041135012 + 1?
41041135013
In base 6, what is -3444021142 - 5?
-3444021151
In base 7, what is -1643124 + -13203?
-1656330
In base 8, what is -31 - 1237542?
-1237573
In base 11, what is 442436 + -83?
442363
In base 13, what is -12b4 + 2a00?
1719
In base 7, what is 1043164 - -36?
1043233
In base 11, what is 3 - 1a76077?
-1a76074
In base 15, what is 6e888 + -195b?
6ce2c
In base 8, what is 3 - 1300014?
-1300011
In base 8, what is 7 - 57211?
-57202
In base 4, what is -101112000 - -102332?
-101003002
In base 12, what is -3 - 1224658?
-122465b
In base 6, what is 415 - -23200130?
23200545
In base 10, what is -5557341 - -76?
-5557265
In base 12, what is 59ba - 1760?
425a
In base 3, what is 20112000022122022 - 1?
20112000022122021
In base 9, what is 4455587314 + 0?
4455587314
In base 3, what is 11020201022202 + 20?
11020201022222
In base 13, what is -2b - a9ca5?
-aa003
In base 16, what is -5 + -9735532?
-9735537
In base 10, what is 3250275 - -2?
3250277
In base 11, what is -10 - -1171998?
1171988
In base 13, what is -a2858 + 15?
-a2843
In base 8, what is -11164250 + -312?
-11164562
In base 3, what is 12211002 + 1121102?
21102111
In base 13, what is 14 + -1cb769?
-1cb755
In base 8, what is -10261 - 33427?
-43710
In base 8, what is 2533704370 + -2?
2533704366
In base 16, what is 3 + -5af65c?
-5af659
In base 12, what is 465ab + -2?
465a9
In base 5, what is -23320241 - -21?
-23320220
In base 5, what is -4 - -20302324013?
20302324004
In base 10, what is 138 - 41329?
-41191
In base 16, what is -65a3 + -f8?
-669b
In base 4, what is 12002330 + -13023231?
-1020301
In base 6, what is 2 + -251443022?
-251443020
In base 13, what is c95 + -5300?
-4338
In base 14, what is -121c5 + -b37?
-12d1c
In base 9, what is 5 + 118044048?
118044054
In base 12, what is -2648 - 181a1?
-1a829
In base 10, what is -2 - -748136?
748134
In base 6, what is -452230243 - 421?
-452231104
In base 10, what is -1211615355 + 0?
-1211615355
In base 2, what is -101 - -1010001110000100011111?
1010001110000100011010
In base 6, what is 432104 - -210?
432314
In base 15, what is -11 + -2846bc7?
-2846bd8
In base 10, what is -5 - -131567002?
131566997
In base 5, what is 224311 + 110134?
340000
In base 16, what is 57d - -7bb8?
8135
In base 12, what is 3b1605 - -61?
3b1666
In base 7, what is -33 - -10414306?
10414243
In base 5, what is -10 + 100302203?
100302143
In base 5, what is 1 - 3332321333?
-3332321332
In base 12, what is -a48 - a45?
-1891
In base 12, what is 546a - a60b?
-5161
In base 15, what is 23 + -1c22d2a?
-1c22d07
In base 10, what is 462 + 2398?
2860
I